{"id":2800,"date":"2025-09-19T02:06:15","date_gmt":"2025-09-19T02:06:15","guid":{"rendered":"https:\/\/kapesklep.pl\/?post_type=product&#038;p=2800"},"modified":"2025-10-27T09:17:31","modified_gmt":"2025-10-27T07:17:31","slug":"plyta-utworow-77","status":"publish","type":"product","link":"https:\/\/kapesklep.pl\/index.php\/product\/plyta-utworow-77\/","title":{"rendered":"P\u0142yta utwor\u00f3w- 77"},"content":{"rendered":"<p class=\"ds-markdown-paragraph\">Album &#8222;77&#8221; to wi\u0119cej ni\u017c zbi\u00f3r piosenek \u2013 to intymny dziennik duszy i duchowa podr\u00f3\u017c inspirowana s\u0142owami Ewangelii wed\u0142ug \u015bw. Mateusza. Tytu\u0142 nawi\u0105zuje do symbolicznej liczby 77, oznaczaj\u0105cej bezwarunkowe i nieograniczone przebaczenie (&#8222;nie a\u017c siedem razy, lecz a\u017c siedemdziesi\u0105t siedem razy&#8221;), kt\u00f3re staje si\u0119 punktem wyj\u015bcia do opowie\u015bci o ludzkich s\u0142abo\u015bciach, walce i odnajdywaniu nadziei.<\/p>\n<p class=\"ds-markdown-paragraph\">KaPe przela\u0142 na t\u0119 p\u0142yt\u0119 swoje najbardziej osobiste zapiski, widoczne na za\u0142\u0105czonych kartkach. Teksty przeplataj\u0105 b\u00f3l (&#8222;cierniste serce&#8221;, &#8222;\u0142zy&#8221;) z czu\u0142o\u015bci\u0105 (&#8222;kochany&#8221;, &#8222;tyle mi\u0142o\u015bci&#8221;), a zw\u0105tpienie (&#8222;nie jestem sam&#8221;) z siln\u0105 deklaracj\u0105 wiary (&#8222;Boga si\u0119 nie wstydz\u0119&#8221;). To muzyczny pami\u0119tnik, kt\u00f3ry opowiada o trudnych pocz\u0105tkach (&#8222;2002&#8221;), codziennym d\u0105\u017ceniu do celu (&#8222;staram si\u0119 codziennie&#8221;) i marzeniach o lepszym \u017cyciu (&#8222;High Life&#8221;, &#8222;Marzenie&#8221;).<\/p>\n","protected":false},"excerpt":{"rendered":"<p>Album &#8222;77&#8221; to wi\u0119cej ni\u017c zbi\u00f3r piosenek \u2013 to intymny dziennik duszy i duchowa podr\u00f3\u017c inspirowana s\u0142owami Ewangelii wed\u0142ug \u015bw. Mateusza. Tytu\u0142 nawi\u0105zuje do symbolicznej liczby 77, oznaczaj\u0105cej bezwarunkowe i nieograniczone przebaczenie (&#8222;nie a\u017c siedem razy, lecz a\u017c siedemdziesi\u0105t siedem razy&#8221;), kt\u00f3re staje si\u0119 punktem wyj\u015bcia do opowie\u015bci o ludzkich s\u0142abo\u015bciach, walce i odnajdywaniu nadziei. [&hellip;]<\/p>\n","protected":false},"featured_media":2801,"comment_status":"open","ping_status":"closed","template":"","meta":{"_monsterinsights_skip_tracking":false,"_monsterinsights_sitenote_active":false,"_monsterinsights_sitenote_note":"","_monsterinsights_sitenote_category":0},"product_cat":[16,58,59],"product_tag":[],"class_list":["post-2800","product","type-product","status-publish","has-post-thumbnail","hentry","product_cat-bez-kategorii","product_cat-akcesoria","product_cat-wszystkie"],"aioseo_notices":[],"jetpack_sharing_enabled":true,"_links":{"self":[{"href":"https:\/\/kapesklep.pl\/index.php\/wp-json\/wp\/v2\/product\/2800","targetHints":{"allow":["GET"]}}],"collection":[{"href":"https:\/\/kapesklep.pl\/index.php\/wp-json\/wp\/v2\/product"}],"about":[{"href":"https:\/\/kapesklep.pl\/index.php\/wp-json\/wp\/v2\/types\/product"}],"replies":[{"embeddable":true,"href":"https:\/\/kapesklep.pl\/index.php\/wp-json\/wp\/v2\/comments?post=2800"}],"wp:featuredmedia":[{"embeddable":true,"href":"https:\/\/kapesklep.pl\/index.php\/wp-json\/wp\/v2\/media\/2801"}],"wp:attachment":[{"href":"https:\/\/kapesklep.pl\/index.php\/wp-json\/wp\/v2\/media?parent=2800"}],"wp:term":[{"taxonomy":"product_cat","embeddable":true,"href":"https:\/\/kapesklep.pl\/index.php\/wp-json\/wp\/v2\/product_cat?post=2800"},{"taxonomy":"product_tag","embeddable":true,"href":"https:\/\/kapesklep.pl\/index.php\/wp-json\/wp\/v2\/product_tag?post=2800"}],"curies":[{"name":"wp","href":"https:\/\/api.w.org\/{rel}","templated":true}]}}