{"id":2205,"date":"2020-04-22T11:17:04","date_gmt":"2020-04-22T11:17:04","guid":{"rendered":"https:\/\/www.cssigniter.com\/rhodes\/?page_id=2205"},"modified":"2025-09-19T02:18:23","modified_gmt":"2025-09-19T02:18:23","slug":"contact","status":"publish","type":"page","link":"https:\/\/kapesklep.pl\/index.php\/contact\/","title":{"rendered":"Kontakt"},"content":{"rendered":"\n<div class=\"wp-block-jetpack-contact-info\">\n<div style=\"height:100px\" aria-hidden=\"true\" class=\"wp-block-spacer\"><\/div>\n<\/div>\n\n\n\n<div class=\"wp-block-columns is-layout-flex wp-container-core-columns-is-layout-9d6595d7 wp-block-columns-is-layout-flex\">\n<div class=\"wp-block-column is-layout-flow wp-block-column-is-layout-flow\" style=\"flex-basis:33.33%\">\n<div class=\"wp-block-jetpack-contact-info\">\n<h3 class=\"wp-block-heading\">Przydasie.pl<\/h3>\n\n\n\n<div class=\"wp-block-jetpack-email\"><a href=\"mailto:kontakt@przydasie.pl\">kontakt@przydasie.pl<\/a><\/div>\n\n\n\n<div class=\"wp-block-jetpack-phone\"><a href=\"tel:+48728000408\">+48 728 000 408<\/a><\/div>\n\n\n\n<div class=\"wp-block-jetpack-address\"><div class=\"jetpack-address__address jetpack-address__address1\">Osowa 48B<\/div><div><span class=\"jetpack-address__city\">Bychawa<\/span>, <span class=\"jetpack-address__region\">Lubelskie <\/span> <span class=\"jetpack-address__postal\">23-100<\/span><\/div><div class=\"jetpack-address__country\">Polska <\/div><\/div>\n\n\n\n<h3 class=\"wp-block-heading\"><\/h3>\n\n\n\n\n<\/div>\n<\/div>\n\n\n\n<div class=\"wp-block-column is-layout-flow wp-block-column-is-layout-flow\" style=\"flex-basis:66.66%\">\n<h3 class=\"wp-block-heading\">Jak mo\u017cemy ci dzi\u015b pom\u00f3c? <\/h3>\n\n\n\n<p>U\u017cyj poni\u017cszego formularza, aby si\u0119 z nami skontaktowa\u0107. Odezwiemy si\u0119 do ciebie w ciagu 24 godzin.<\/p>\n\n\n<div class=\"wp-block-jetpack-contact-form\"><a href=\"https:\/\/kapesklep.pl\/index.php\/contact\/\" target=\"_blank\" rel=\"noopener noreferrer\">Submit a form.<\/a><\/div><\/div>\n<\/div>\n\n\n\n<div style=\"height:100px\" aria-hidden=\"true\" class=\"wp-block-spacer\"><\/div>\n","protected":false},"excerpt":{"rendered":"<p>Jak mo\u017cemy ci dzi\u015b pom\u00f3c? U\u017cyj poni\u017cszego formularza, aby si\u0119 z nami skontaktowa\u0107. Odezwiemy si\u0119 do ciebie w ciagu 24 godzin.<\/p>\n","protected":false},"author":1,"featured_media":0,"parent":0,"menu_order":0,"comment_status":"closed","ping_status":"closed","template":"templates\/fullwidth-contained.php","meta":{"_monsterinsights_skip_tracking":false,"_monsterinsights_sitenote_active":false,"_monsterinsights_sitenote_note":"","_monsterinsights_sitenote_category":0,"footnotes":""},"class_list":["post-2205","page","type-page","status-publish","hentry"],"aioseo_notices":[],"jetpack_sharing_enabled":true,"_links":{"self":[{"href":"https:\/\/kapesklep.pl\/index.php\/wp-json\/wp\/v2\/pages\/2205","targetHints":{"allow":["GET"]}}],"collection":[{"href":"https:\/\/kapesklep.pl\/index.php\/wp-json\/wp\/v2\/pages"}],"about":[{"href":"https:\/\/kapesklep.pl\/index.php\/wp-json\/wp\/v2\/types\/page"}],"author":[{"embeddable":true,"href":"https:\/\/kapesklep.pl\/index.php\/wp-json\/wp\/v2\/users\/1"}],"replies":[{"embeddable":true,"href":"https:\/\/kapesklep.pl\/index.php\/wp-json\/wp\/v2\/comments?post=2205"}],"version-history":[{"count":1,"href":"https:\/\/kapesklep.pl\/index.php\/wp-json\/wp\/v2\/pages\/2205\/revisions"}],"predecessor-version":[{"id":2808,"href":"https:\/\/kapesklep.pl\/index.php\/wp-json\/wp\/v2\/pages\/2205\/revisions\/2808"}],"wp:attachment":[{"href":"https:\/\/kapesklep.pl\/index.php\/wp-json\/wp\/v2\/media?parent=2205"}],"curies":[{"name":"wp","href":"https:\/\/api.w.org\/{rel}","templated":true}]}}